{"id":2967,"date":"2022-09-07T18:25:44","date_gmt":"2022-09-07T16:25:44","guid":{"rendered":"https:\/\/skawinski.com\/?page_id=2967"},"modified":"2022-09-08T20:11:23","modified_gmt":"2022-09-08T18:11:23","slug":"dni-otwarte-12-14-wrzesnia","status":"publish","type":"page","link":"https:\/\/skawinski.com\/index.php\/dni-otwarte-12-14-wrzesnia\/","title":{"rendered":"DNI OTWARTE 12-14 WRZE\u015aNIA"},"content":{"rendered":"\n<p class=\"has-large-font-size\"><strong>DNI OTWARTE 12-14 WRZE\u015aNIA<\/strong><\/p>\n\n\n\n<div class=\"wp-block-media-text alignwide is-stacked-on-mobile\"><figure class=\"wp-block-media-text__media\"><img decoding=\"async\" loading=\"lazy\" width=\"1024\" height=\"711\" src=\"https:\/\/skawinski.com\/wp-content\/uploads\/2022\/09\/Dni-Otwarte-new-1-1024x711.jpg\" alt=\"\" class=\"wp-image-2971 size-full\" srcset=\"https:\/\/skawinski.com\/wp-content\/uploads\/2022\/09\/Dni-Otwarte-new-1-1024x711.jpg 1024w, https:\/\/skawinski.com\/wp-content\/uploads\/2022\/09\/Dni-Otwarte-new-1-300x208.jpg 300w, https:\/\/skawinski.com\/wp-content\/uploads\/2022\/09\/Dni-Otwarte-new-1-768x534.jpg 768w, https:\/\/skawinski.com\/wp-content\/uploads\/2022\/09\/Dni-Otwarte-new-1-600x417.jpg 600w, https:\/\/skawinski.com\/wp-content\/uploads\/2022\/09\/Dni-Otwarte-new-1.jpg 1497w\" sizes=\"(max-width: 1024px) 100vw, 1024px\" \/><\/figure><div class=\"wp-block-media-text__content\">\n<p style=\"font-size:17px\">Nie mo\u017cesz si\u0119 zdecydowa\u0107 na jakie zaj\u0119cia si\u0119 zapisa\u0107 ? <\/p>\n\n\n\n<p style=\"font-size:17px\">Chcesz sprawdzi\u0107, jak wygl\u0105daj\u0105 takie zaj\u0119cia ? <\/p>\n\n\n\n<p style=\"font-size:17px\">Masz szans\u0119  sprawdzi\u0107 to ca\u0142kowicie bezp\u0142atnie. <\/p>\n\n\n\n<p style=\"font-size:17px\">Przed Wami Dni Otwarte w Skawi\u0144ski Dance Studio od 12 do 14 wrze\u015bnia. <\/p>\n\n\n\n<p style=\"font-size:17px\">W naszej ofercie mamy kursy, kt\u00f3re na pewno Ci\u0119 zainteresuj\u0119.  Nasi instruktorzy b\u0119d\u0105 do Waszej dyspozycji. Dzi\u0119ki udzia\u0142owi w bezp\u0142atnych zaj\u0119ciach ka\u017cdy z Was, bez wzgl\u0119du na wiek i poziom zaawansowania, b\u0119dzie m\u00f3g\u0142 przekona\u0107 si\u0119, kt\u00f3ry kurs  jest najlepszy dla niego!<\/p>\n\n\n\n<p style=\"font-size:17px\"> Jedna osoba mo\u017ce zapisa\u0107 si\u0119 maksymalnie na 3 r\u00f3\u017cne zaj\u0119cia <\/p>\n<\/div><\/div>\n\n\n\n<pre class=\"wp-block-verse\"><mark style=\"background-color:rgba(0, 0, 0, 0)\" class=\"has-inline-color has-vivid-green-cyan-color\">12 WRZE\u015aNIA<\/mark>\n Godz.15:45-16:30  CHEERLEADER-KI  7-12 lat\n Godz. 16:30-17:30 HIP-HOP KIDS 7-12\n Godz. 17:30-18:30  HIP-HOP M\u0141ODZIE\u017b 12+ lat\n Godz. 18:30-19:30 SOLO SPORT TOWARZ.  GR. POCZ\u0104T. 7-12 LAT\n Godz. 18:30-19:30 LADIES LATINO\n\n<mark style=\"background-color:rgba(0, 0, 0, 0)\" class=\"has-inline-color has-vivid-green-cyan-color\">13 WRZE\u015aNIA<\/mark>\n Godz.16:30-17:15 TANIEC TOWARZYSKI KIDS do 7 lat\n Godz. 19:00-20:15 HOBBY TOWARZYSKI DORO\u015aLI\n Godz. 20:15-21:30 SALSA\n Godz. 20:15-21:30 HIGH HEELS\n\n<mark style=\"background-color:rgba(0, 0, 0, 0)\" class=\"has-inline-color has-vivid-green-cyan-color\">14 WRZE\u015aNIA<\/mark> \nGodz.21:00-22:00 PARTY DANCE - TANIEC U\u017bYTKOWY\n\n<mark style=\"background-color:rgba(0, 0, 0, 0)\" class=\"has-inline-color has-vivid-green-cyan-color\">15 WRZE\u015aNIA<\/mark> \nGodz. 19:00-20:00 ZDROWY KR\u0118GOS\u0141UP \n\n\nUWAGA - aby m\u00f3c bezp\u0142atnie uczestniczy\u0107 w zaj\u0119ciach w formularzu zg\u0142osze\u0144 \nw polu <strong>Kod rabatowy<\/strong> wpisz <mark style=\"background-color:rgba(0, 0, 0, 0)\" class=\"has-inline-color has-pale-pink-color\"><strong>DNIOTWARTE<\/strong><\/mark>\nLiczba miejsc ograniczona ? wype\u0142nij formularz zg\u0142oszeniowy poni\u017cej i zarezerwuj miejsce ju\u017c dzi\u015b!\n<\/pre>\n\n\n<div class=\"activenow-form-container activenow-form-52507-container\"><center><img decoding=\"async\" src=\"https:\/\/www.activenow.io\/assets\/ripple.gif\" width=\"100px\"><\/center><script async=\"\" src=\"https:\/\/app.activenow.io\/external\/signup_form\/load_by_js?city_id=&amp;code=3NTaE0ghgCc4hzFO&amp;instructor_id=&amp;proficiency_id=&amp;school_id=7447&amp;signup_form_id=52507&amp;venue_id=&amp;zz=\"><\/script><\/div>","protected":false},"excerpt":{"rendered":"<p>DNI OTWARTE 12-14 WRZE\u015aNIA Nie mo\u017cesz si\u0119 zdecydowa\u0107 na jakie zaj\u0119cia si\u0119 zapisa\u0107 ? Chcesz sprawdzi\u0107, jak wygl\u0105daj\u0105 takie zaj\u0119cia ? Masz szans\u0119 sprawdzi\u0107 to ca\u0142kowicie bezp\u0142atnie. Przed Wami Dni Otwarte w Skawi\u0144ski Dance Studio od 12 do 14 wrze\u015bnia. W naszej ofercie mamy kursy, kt\u00f3re na pewno Ci\u0119 zainteresuj\u0119. Nasi instruktorzy b\u0119d\u0105 do Waszej [&hellip;]<\/p>\n","protected":false},"author":1,"featured_media":2968,"parent":0,"menu_order":0,"comment_status":"closed","ping_status":"closed","template":"","meta":[],"_links":{"self":[{"href":"https:\/\/skawinski.com\/index.php\/wp-json\/wp\/v2\/pages\/2967"}],"collection":[{"href":"https:\/\/skawinski.com\/index.php\/wp-json\/wp\/v2\/pages"}],"about":[{"href":"https:\/\/skawinski.com\/index.php\/wp-json\/wp\/v2\/types\/page"}],"author":[{"embeddable":true,"href":"https:\/\/skawinski.com\/index.php\/wp-json\/wp\/v2\/users\/1"}],"replies":[{"embeddable":true,"href":"https:\/\/skawinski.com\/index.php\/wp-json\/wp\/v2\/comments?post=2967"}],"version-history":[{"count":23,"href":"https:\/\/skawinski.com\/index.php\/wp-json\/wp\/v2\/pages\/2967\/revisions"}],"predecessor-version":[{"id":3025,"href":"https:\/\/skawinski.com\/index.php\/wp-json\/wp\/v2\/pages\/2967\/revisions\/3025"}],"wp:featuredmedia":[{"embeddable":true,"href":"https:\/\/skawinski.com\/index.php\/wp-json\/wp\/v2\/media\/2968"}],"wp:attachment":[{"href":"https:\/\/skawinski.com\/index.php\/wp-json\/wp\/v2\/media?parent=2967"}],"curies":[{"name":"wp","href":"https:\/\/api.w.org\/{rel}","templated":true}]}}