{"id":2860,"date":"2022-08-23T10:42:21","date_gmt":"2022-08-23T08:42:21","guid":{"rendered":"https:\/\/skawinski.com\/?page_id=2860"},"modified":"2023-08-28T19:09:38","modified_gmt":"2023-08-28T17:09:38","slug":"pro-am-ttt-twoj-trener-tanca","status":"publish","type":"page","link":"https:\/\/skawinski.com\/index.php\/pro-am-ttt-twoj-trener-tanca\/","title":{"rendered":"PRO-AM (TTT-TW\u00d3J TRENER TA\u0143CA)"},"content":{"rendered":"<div class=\"wp-block-image\">\n<figure class=\"alignleft size-full is-resized\"><img decoding=\"async\" loading=\"lazy\" src=\"https:\/\/skawinski.com\/wp-content\/uploads\/2022\/08\/Michal-Skawinski-i-Patrycja-Markowska-Taniec_z_Gwiazdami-Skawinski_Dance_Studio..jpg\" alt=\"\" class=\"wp-image-2867\" width=\"224\" height=\"336\" srcset=\"https:\/\/skawinski.com\/wp-content\/uploads\/2022\/08\/Michal-Skawinski-i-Patrycja-Markowska-Taniec_z_Gwiazdami-Skawinski_Dance_Studio..jpg 683w, https:\/\/skawinski.com\/wp-content\/uploads\/2022\/08\/Michal-Skawinski-i-Patrycja-Markowska-Taniec_z_Gwiazdami-Skawinski_Dance_Studio.-200x300.jpg 200w, https:\/\/skawinski.com\/wp-content\/uploads\/2022\/08\/Michal-Skawinski-i-Patrycja-Markowska-Taniec_z_Gwiazdami-Skawinski_Dance_Studio.-600x900.jpg 600w\" sizes=\"(max-width: 224px) 100vw, 224px\" \/><\/figure><\/div>\n\n\n<pre class=\"wp-block-verse has-background\" style=\"background-color:#8dd2fc5e\">\nIle\u017c to razy ogl\u0105daj\u0105c program telewizyjny Taniec z Gwiazdami marzy\u0142o Ci si\u0119 kiedykolwiek tak zata\u0144czy\u0107 ze swoim trenerem-tancerzem?  \nIle\u017c to razy marzy\u0142a\u015b, by za\u0142o\u017cy\u0107 na siebie przepi\u0119kn\u0105, bogato zdobion\u0105 sukni\u0119 i zata\u0144czy\u0107 kuba\u0144sk\u0105 cha-ch\u0119, rumb\u0119 lub Jive'a ? \n\nIle razy zastanawia\u0142e\u015b si\u0119 jakby\u015b wygl\u0105da\u0142 w niezwykle eleganckim, czarnym fraku? \nA mo\u017ce marzy\u0142a Ci si\u0119 podr\u00f3\u017c do Brazylii, cho\u0107 na kilka minut w rytmie samby albo zatracenie si\u0119 w ta\u0144cu mi\u0142o\u015bci jakim jest rumba?\n\nJe\u017celi marzy Ci si\u0119 trenowa\u0107 pod okiem Instruktora-Tancerza, r\u00f3wnie\u017c tego z programu \"Taniec z Gwiazdami\", to ta oferta jest skierowana do Ciebie. \n\nTaniec PRO-AM w Polsce jest bardzo popularny. PRO? Profesjonalista (instruktor\/tancerz) trenuje-ta\u0144czy z AM Amatorem (np. Tob\u0105), by razem wyst\u0119powa\u0107 na tanecznych parkietach i podbija\u0107 serca publiczno\u015bci. \n\n\n<\/pre>\n\n\n<div class=\"wp-block-image\">\n<figure class=\"alignright size-full is-resized\"><img decoding=\"async\" loading=\"lazy\" src=\"https:\/\/skawinski.com\/wp-content\/uploads\/2022\/08\/PRO-AM-MICHAL-SKAWINSKI-Skawinski_Dance_Studio.jpg\" alt=\"\" class=\"wp-image-2875\" width=\"305\" height=\"264\" srcset=\"https:\/\/skawinski.com\/wp-content\/uploads\/2022\/08\/PRO-AM-MICHAL-SKAWINSKI-Skawinski_Dance_Studio.jpg 996w, https:\/\/skawinski.com\/wp-content\/uploads\/2022\/08\/PRO-AM-MICHAL-SKAWINSKI-Skawinski_Dance_Studio-300x260.jpg 300w, https:\/\/skawinski.com\/wp-content\/uploads\/2022\/08\/PRO-AM-MICHAL-SKAWINSKI-Skawinski_Dance_Studio-768x665.jpg 768w, https:\/\/skawinski.com\/wp-content\/uploads\/2022\/08\/PRO-AM-MICHAL-SKAWINSKI-Skawinski_Dance_Studio-600x519.jpg 600w\" sizes=\"(max-width: 305px) 100vw, 305px\" \/><\/figure><\/div>\n\n\n<pre class=\"wp-block-verse has-background\" style=\"background-color:#f78da866\">\n\nJe\u017celi jeste\u015b zainteresowany\/-a, zapisz si\u0119 na lekcje indywidualne z Twoim trenerem. \u0106wicz, relaksuj si\u0119, mi\u0142o sp\u0119dzaj czas. Je\u015bli Ci si\u0119 spodoba i b\u0119dziesz chcia\u0142\/-a p\u00f3j\u015b\u0107 krok dalej, kolejnym etapem b\u0119dzie PRO-AM turniejowy. \n\nDecyzja nale\u017cy tylko do Ciebie.\n\nDo zobaczenia na parkiecie\nZapraszam!\nMicha\u0142 Skawi\u0144ski\n\n<\/pre>\n\n\n<div class=\"wp-block-image\">\n<figure class=\"alignleft size-full is-resized\"><img decoding=\"async\" loading=\"lazy\" src=\"https:\/\/skawinski.com\/wp-content\/uploads\/2022\/08\/Dzieci-taniec-towarzyski-Skawinski-Dance-Studio-small-2.jpg\" alt=\"\" class=\"wp-image-2883\" width=\"335\" height=\"334\" srcset=\"https:\/\/skawinski.com\/wp-content\/uploads\/2022\/08\/Dzieci-taniec-towarzyski-Skawinski-Dance-Studio-small-2.jpg 352w, https:\/\/skawinski.com\/wp-content\/uploads\/2022\/08\/Dzieci-taniec-towarzyski-Skawinski-Dance-Studio-small-2-300x300.jpg 300w, https:\/\/skawinski.com\/wp-content\/uploads\/2022\/08\/Dzieci-taniec-towarzyski-Skawinski-Dance-Studio-small-2-150x150.jpg 150w, https:\/\/skawinski.com\/wp-content\/uploads\/2022\/08\/Dzieci-taniec-towarzyski-Skawinski-Dance-Studio-small-2-100x100.jpg 100w\" sizes=\"(max-width: 335px) 100vw, 335px\" \/><\/figure><\/div>\n\n\n<pre class=\"wp-block-verse has-background\" style=\"background-color:#9b51e073\">Nasza oferta:\n\nJedna lekcja\u00a0 \u00a0 \u00a0 -\u00a0 \u00a0 1 lekcje x 45 min\u00a0 - 200 z\u0142\nPRO-AM 4\u00a0*      \u00a0-\u00a0    4 lekcje x 45 min\u00a0 - 760 z\u0142\nPRO-AM 8 *      \u00a0-\u00a0 \u00a0  8 lekcji x 45 min. - 1440 z\u0142\nPRO-AM 12 *\u00a0  \u00a0-   12 lekcji x 45 min. - 2040 z\u0142\n\n* pakiety wa\u017cne 30 dni\n\nMasz pytania?\nChcesz si\u0119 wi\u0119cej dowiedzie\u0107? \n\nZadzwo\u0144 do nas tel. 602 100 079  mail: kontakt@skawinski.com<\/pre>\n","protected":false},"excerpt":{"rendered":"<p>Ile\u017c to razy ogl\u0105daj\u0105c program telewizyjny Taniec z Gwiazdami marzy\u0142o Ci si\u0119 kiedykolwiek tak zata\u0144czy\u0107 ze swoim trenerem-tancerzem? Ile\u017c to razy marzy\u0142a\u015b, by za\u0142o\u017cy\u0107 na siebie przepi\u0119kn\u0105, bogato zdobion\u0105 sukni\u0119 i zata\u0144czy\u0107 kuba\u0144sk\u0105 cha-ch\u0119, rumb\u0119 lub Jive&#8217;a ? Ile razy zastanawia\u0142e\u015b si\u0119 jakby\u015b wygl\u0105da\u0142 w niezwykle eleganckim, czarnym fraku? A mo\u017ce marzy\u0142a Ci si\u0119 podr\u00f3\u017c [&hellip;]<\/p>\n","protected":false},"author":1,"featured_media":0,"parent":0,"menu_order":0,"comment_status":"closed","ping_status":"closed","template":"","meta":[],"_links":{"self":[{"href":"https:\/\/skawinski.com\/index.php\/wp-json\/wp\/v2\/pages\/2860"}],"collection":[{"href":"https:\/\/skawinski.com\/index.php\/wp-json\/wp\/v2\/pages"}],"about":[{"href":"https:\/\/skawinski.com\/index.php\/wp-json\/wp\/v2\/types\/page"}],"author":[{"embeddable":true,"href":"https:\/\/skawinski.com\/index.php\/wp-json\/wp\/v2\/users\/1"}],"replies":[{"embeddable":true,"href":"https:\/\/skawinski.com\/index.php\/wp-json\/wp\/v2\/comments?post=2860"}],"version-history":[{"count":34,"href":"https:\/\/skawinski.com\/index.php\/wp-json\/wp\/v2\/pages\/2860\/revisions"}],"predecessor-version":[{"id":3182,"href":"https:\/\/skawinski.com\/index.php\/wp-json\/wp\/v2\/pages\/2860\/revisions\/3182"}],"wp:attachment":[{"href":"https:\/\/skawinski.com\/index.php\/wp-json\/wp\/v2\/media?parent=2860"}],"curies":[{"name":"wp","href":"https:\/\/api.w.org\/{rel}","templated":true}]}}